when 125 is divided by (h/(-15))/((-18)/(-390)).
21
What is the remainder when -779*(-56)/532 - (0 - 3)*-2 is divided by -1 - (-3)/((-3)/(-14))?
11
Suppose -4*k = h - 64, 2*k - 63 = -h - 5. Let a = 140 + -121. Calculate the remainder when h is divided by a.
14
Let j be (0/2)/(-3 + 2). Let a(i) be the second derivative of -i**4/12 + i**3/6 + i**2 + 120*i. Calculate the remainder when 4 is divided by a(j).
0
Suppose -993 = -44*c - 113. Calculate the remainder when 116 is divided by c.
16
Let a(q) = q**3 + q**2 - 6*q + 6. Let l be a(6). Suppose 0 = 3*p - 6*p + l. Suppose 1575 = 53*w + 10*w. What is the remainder when p is divided by w?
24
Suppose 0 = -0*h + 2*h - 26. Let n = -4946 + 4994. What is the remainder when n is divided by h?
9
Suppose 0*z + 2*z = 36. Let a = 13842 - 13611. What is the remainder when a is divided by z?
15
Let z be (11 + -5)*(-8)/(-6). Suppose -z*h = -9*h + 50. Let q(r) = -r**3 - 2*r**2 + 6*r + 10. Calculate the remainder when h is divided by q(-4).
14
Let k(g) = 2*g**2 - 38*g - 84. Let x be k(21). What is the remainder when 714/17 + (x + -1)/(-1) is divided by 35?
8
Let z(f) be the third derivative of 5*f**4/8 - 11*f**3/6 - 53*f**2. What is the remainder when 405 is divided by z(3)?
31
Let i(h) = 4*h**2 + 7*h + 708. Calculate the remainder when i(27) is divided by 106.
103
Let j = -79 + 163. What is the remainder when 184 is divided by j?
16
Let p = 23393 + -23018. Calculate the remainder when p is divided by 124.
3
Let n(u) = -u**3 + 19*u**2 - 11*u - 75. Let a = -232 + 333. What is the remainder when a is divided by n(18)?
50
Let q = -52 - -57. Let o(c) = c**3 - 26*c**2 - 53*c - 15. What is the remainder when o(28) is divided by q?
4
What is the remainder when 1341 is divided by (1624/(-754))/((-4)/416)?
221
Let f be (8 - 7)/((-1)/10). What is the remainder when (-40113)/(-81) - f/(-45) is divided by 7?
5
Let k be 96/45 + (-4)/30. Suppose k*m + 409 + 95 = 0. What is the remainder when 125 is divided by 1/2 + m/(-8)?
29
Let h(d) = -4*d**3 + 25*d**2 - 7*d + 10. Let b be h(6). Suppose 0 = -5*l - 6*k + 4*k + 58, -5*l + 56 = b*k. Calculate the remainder when 37 is divided by l.
1
Suppose 0 = 38*a - 41*a - 417. Let h = -125 - a. Let w(o) = o**3 + o**2 - 3*o - 1. Calculate the remainder when w(3) is divided by h.
12
Let x(a) = 3*a**2 - 2*a - 2. Suppose 0*l - 6*l = 19*l. Suppose -3*i + 4*i + 3 = 0, l = s - 4*i - 47. Calculate the remainder when x(5) is divided by s.
28
Suppose -58*o - 5*o = -17*o - 2806. What is the remainder when 738 is divided by o?
6
What is the remainder when 662 is divided by 472/2*36/612*(-34)/(-8)?
13
Let n = -2194 - -2288. Calculate the remainder when n is divided by 8.
6
Suppose 0*p - 110 = -3*p + 5*w, p = 5*w + 30. Calculate the remainder when (-17640)/(-216) - 80/30 is divided by p.
39
Let r(h) = h**3 + 2*h**2 + 10*h - 20. Let t be r(2). Suppose -t*x + 1652 = -2*x. Calculate the remainder when x is divided by 38.
4
Let p(m) = -111*m - 1345. Calculate the remainder when 103 is divided by p(-13).
5
Let b = 380 + -346. Suppose -150 = -3*a - 4*o, -a + 50 = b*o - 38*o. Calculate the remainder when 81 is divided by a.
31
Let v be 76 + -2 - (4/(-1))/(-4). Let u = v - 81. Let q = -6 - u. What is the remainder when 19 is divided by q?
1
What is the remainder when 4/(8/(-21))*39/((-2457)/1548) is divided by 120?
18
Suppose 2*r + 622 = 2*q + 12, -5*q + r = -1545. Let a = 447 - q. What is the remainder when a is divided by 6?
5
Let t(g) = g**2 - 3*g - 5. Let j be -3 + ((-5)/5 + -4 - -4). Let o = 9 - 0. What is the remainder when t(j) is divided by o?
5
Let k(q) = q + 11. Let o be k(-4). Suppose -3*b - 47 = 4*h, o*b - 3*h = 2*b - 30. Calculate the remainder when 83 is divided by ((-224)/(-24))/(1*(-3)/b).
27
Suppose 4*g + 5*q - 50602 = 0, -5*g - q + 1945 = -61297. What is the remainder when g is divided by 38?
32
Let h = 652 - 642. What is the remainder when 73 is divided by ((-1147)/93)/((h/6)/(-5))?
36
Let c = 35272 + -35162. Suppose -84 = 3*q - 702. Calculate the remainder when q is divided by c.
96
Let x(n) = -n**3 + 4*n**2 + 2. Let k = 49 + -44. Let s be x(k). Let z = -4 - s. Calculate the remainder when 112 is divided by z.
17
Let t(n) = n**2 - 19*n + 18. Let f be t(18). Calculate the remainder when (f + 4 - 9) + 147 is divided by 49.
44
Let m(o) = 7*o - 3. Suppose i - 2*c + 34 = 0, 2*i - i = -4*c - 34. What is the remainder when (-5274)/i + 12/(-102) is divided by m(6)?
38
Let d(p) be the third derivative of 0*p - 7/3*p**3 + 0 - 3/4*p**4 + 1/60*p**5 - 46*p**2. What is the remainder when 129 is divided by d(20)?
25
Calculate the remainder when (-6)/14 + 9984/21 is divided by 17.
16
Suppose 460 = 2*r - 4*r. Let g = r - -252. Calculate the remainder when 75 is divided by g.
9
Suppose -27*l = -3*f - 24*l + 450, 0 = -2*f - 4*l + 348. Calculate the remainder when 6477 is divided by f.
157
What is the remainder when 98 is divided by (10/(-4))/5*(0 - (10 - 4))?
2
Suppose 6*g - 399 = -129. Let q = -179 - -192. What is the remainder when g is divided by q?
6
Suppose -269*n + 268*n = -111. Suppose 7*o = 6*o. Suppose -5*w + 80 = -o*w. Calculate the remainder when n is divided by w.
15
What is the remainder when 310 is divided by (-10 + 9)*(-293 + -3) - -4?
10
Suppose -2*a + 54 - 10 = 0. Suppose 0*w - 1067 = -5*y - 2*w, 3*y + 3*w = 642. Let f = y - 131. Calculate the remainder when f is divided by a.
16
Let f(t) = t**3 - 14*t**2 + 12*t + 7. Let k be f(13). What is the remainder when k + (98 - 1) + 0/5 is divided by 33?
25
Calculate the remainder when 2406 is divided by (-122)/(-183)*(-159)/4*-2.
21
Suppose -19*z + 24*z - 100 = 5*w, -22 = -2*z - 4*w. What is the remainder when z is divided by 13?
4
Suppose 0*f - 1377 = -17*f. Calculate the remainder when f is divided by 29.
23
Let q = -51 + 52. Suppose -2*t + 113 = 5*o, 4*o + o - 4*t - 119 = 0. What is the remainder when 67*(4 + 3*(-1)/q) is divided by o?
21
Let m = -18162 + 18362. Calculate the remainder when 455 is divided by m.
55
Let j(a) = -2*a**2 + a + 19 + a**3 + 2*a**2 + a**2. Suppose 47*u = -54*u + 1010. Calculate the remainder when j(0) is divided by u.
9
Suppose 0 = -24*y + 50*y - 52. Suppose 221 = 5*x + 4*k, y*k - 70 = -4*x + 102. What is the remainder when 366 is divided by x?
38
Let n = -10 + 18. Let g = -272 - -272. Calculate the remainder when -1 + g + (1 - -1)*16 is divided by n.
7
Let l(p) = -p - 15. Let q(k) = 2*k + 13. Let c(i) = 6*l(i) + 7*q(i). What is the remainder when c(11) is divided by 13?
11
Let v = 3941 - 3882. What is the remainder when 450 is divided by v?
37
Suppose 12*y + 224 = 2384. What is the remainder when 328 is divided by y?
148
Let w(v) = 3*v + 24. Suppose 0*y = -0*y - 9*y. Let g = y + -5. What is the remainder when 34 is divided by w(g)?
7
Let i(u) = -365*u**3 + 7*u**2 - 15*u - 16. Calculate the remainder when i(-1) is divided by 44.
19
Let y(p) = -11*p + 27. Let t be y(2). Suppose t*o = -15, 0*l + 5*l + o = 132. Calculate the remainder when 71 is divided by l.
17
Suppose -1 = -2*m - 3, -s + 4*m + 249 = 0. Calculate the remainder when 970 is divided by s.
235
Let d(x) = -x**2 - 6*x + 55. Let y be d(-9). Suppose -y = -27*s + 23*s. What is the remainder when 60 is divided by s?
4
Let k(s) = 6*s**2 + 2*s + 22. Let l be k(-4). Let t = 56 + 117. Let x = t - l. What is the remainder when x is divided by 14?
7
Let z be -3 + 5 + (-142)/(-1). Let r = -218 + 322. Let q = z - r. Calculate the remainder when 199 is divided by q.
39
Suppose 0 = 4*a - 5*a + 39. Let v = 8259 + -8183. What is the remainder when v is divided by a?
37
Suppose j = -4*g + 5*g - 44, j - 186 = -4*g. Suppose -5*w = -5*a - 1720, 6*a + 1714 = 5*w + 4*a. Let f = 355 - w. What is the remainder when g is divided by f?
7
Let u(c) be the first derivative of c**4/2 + 10*c**3 + c**2 + 40*c + 336. What is the remainder when 1/((-1)/(0 + -13)) is divided by u(-15)?
3
Suppose -j + 3 = 5*q, 2*j - 3*q = -3*j + 15. Suppose 217 = 5*m - 3*o, -45*m + 135 = -42*m - j*o. Calculate the remainder when m is divided by 17.
7
Calculate the remainder when 2582 is divided by 36/8*27/((-243)/(-246)).
122
Suppose 11996 = 4*k - 4*j, -j = k - 3743 + 746. Calculate the remainder when k is divided by 2.
0
Let h(k) = -442*k**3 + 4*k**2 + 6*k + 6. Calculate the remainder when h(-1) is divided by 99.